dreds digit of v?
1
Let l(j) = -j**2 - 7*j - 14. Let y be l(-5). Let f(k) = -6*k**3 + 8. What is the tens digit of f(y)?
9
Let r be (0 - 5)/(27/27) - -9. Suppose 2*f - 86 = -4*w, -8*f = -7*f - r*w - 31. What is the tens digit of f?
3
What is the tens digit of 32987 - ((-42)/(-6) + -8)*(8 - 1)?
9
Let k = 35933 - -10714. What is the ten thousands digit of k?
4
Let m = -6167 + 7092. What is the tens digit of m?
2
Let l(o) = -o**3 + 3*o**2 - 9*o + 2. Let b = -84 - -89. Let z be l(b). What is the units digit of 217/z*(1 - 4)?
7
What is the hundreds digit of (-7*(-274)/3)/(14/441)?
1
Suppose -3*g + 3*i - 6176 = -1406, -5*i = 2*g + 3201. Let a = g - -2356. What is the tens digit of a?
6
Let y be 2 + (3/9)/(2/(-6)). Let l be (0 - y)*3 + -11. Let o(n) = n**2 + 10*n + 29. What is the tens digit of o(l)?
8
Let q = 46 + -37. Let u(o) = q + 5 + 8*o + 4*o - 8. What is the tens digit of u(2)?
3
Let s(p) = -67*p - 18. Let j(t) = 68*t + 17. Let r(i) = -6*j(i) - 5*s(i). Let m be r(6). What is the units digit of 24/(-10)*m/27?
0
Let l(m) = 42*m - 28. Let d be l(7). Suppose 0 = 3*u + 4*k - d, 0 = -4*k + 9*k - 25. What is the units digit of u?
2
Suppose 166 = -5*j + 181. Suppose 11*c + s = 12*c - 336, -j*s = 6. What is the tens digit of c?
3
Let n(l) = -l**2 + 2*l - 1. Let y be n(-2). Let i(s) be the second derivative of s**5/20 + s**4 + 8*s**3/3 + 4*s**2 - s. What is the units digit of i(y)?
7
Suppose 2*o - 13 = -5*s + 3, 3*s + 9 = 5*o. Suppose -8*f - 3*g = -3*f - 254, 0 = o*f - 3*g - 138. What is the tens digit of f?
4
Let u be 68/32 + (-3)/24. Suppose -4*a + 2298 = 5*m, u*a = 4*m + 4*a - 1842. What is the hundreds digit of m?
4
Let s = 48 - 46. Let o = 125 + s. Suppose 0*p + o = p. What is the tens digit of p?
2
Let c(d) = d**2 + 19*d - 48. Let h be c(-21). Let i(o) = -3*o**3 - 7*o**2 + 9*o + 7. Let n be i(h). Let j = n + -132. What is the hundreds digit of j?
2
What is the tens digit of (82/(-10))/(5/(-23950) + 0)?
7
Suppose 0 = -5*o - c + 9029, 5419 = 3*o - 3*c + 2*c. Suppose 15*w + o = 9*w. Let g = -186 - w. What is the units digit of g?
5
Suppose 5*p + 9870 - 204640 = 5*m, -4*m = -5*p + 194768. What is the thousands digit of p?
8
Let f = 214 + -216. Let x(s) = -140*s - 23. What is the units digit of x(f)?
7
Suppose 0 = 7*h - 6882 - 566. Let w = h + -684. What is the units digit of w?
0
Suppose -2*s = 3*b - 9 - 6, 5*s = -3*b + 15. Let v = 464 + -222. Suppose 2*o = -s*o + v. What is the tens digit of o?
2
Suppose 6*b - 4*b = 2. Let p be ((1 - 0) + 1)*b. Suppose -3*d = -5*u + 2*u + 261, -3*d + 154 = p*u. What is the tens digit of u?
8
Suppose 3*z = 5*t + z - 111, 0 = 4*t - 4*z - 96. Let w(q) = -q**3 + 24*q**2 - 31*q + 17. What is the units digit of w(t)?
9
Let y be 60/(-80) + (-19)/(-4). Suppose -j + 1738 = 3*l, 2*l - y*j = -2*l + 2312. What is the units digit of l?
9
Let k = -33 - -35. Suppose -3*g - 6*p = -k*p + 6, -3*p + 3 = g. What is the units digit of 2 + (g - -3 - -77)?
6
Suppose 2*t - 3*p - 8 - 5 = 0, 5*t - 49 = 2*p. Let l(w) = 2*w**2 + 40*w - 43. Let a be l(-21). What is the units digit of t/(-22)*(-105 - a)?
2
Suppose -5*f = 2*p - 56804, 2*p = -6*f + 29458 + 27354. What is the hundreds digit of p?
3
Suppose 0 = -497*j + 504*j - 21. Suppose -z + 3647 = j*z + 3*p, -929 = -z + 5*p. What is the hundreds digit of z?
9
Let r be (-2)/4*(-2 + (-8 - -2)). Suppose 0*u - 30 = -3*u + 2*m, -4*u + 40 = -r*m. Suppose 2*l + 2*s - 188 = 4*s, 2*s - u = 0. What is the tens digit of l?
9
Suppose 41*x = -2*v + 44*x + 74936, 2 = x. What is the thousands digit of v?
7
Let y be (-7)/(35/10) + (-287)/(-1). Let i = 151 + y. What is the units digit of i?
6
Suppose 5*f = 153*b - 157*b + 87566, -5*b - f = -109447. What is the tens digit of b?
8
Suppose 5*r - 27985 = 12*m - 17*m, -5*m = -r + 5603. What is the tens digit of r?
9
Suppose 76*d = 56*d + 80. Suppose 0 = -l + 11*w - 7*w + 675, -d*w = 4*l - 2620. What is the units digit of l?
9
Suppose 0 = -52*t + 7*t + 405. What is the hundreds digit of (-354)/((-33)/t - -3)?
5
Suppose 0*j + 5*j = k + 137, -5*j = -2*k - 264. Let f = k - -288. What is the tens digit of f?
6
Suppose 5*z - 13607 = 12093. Suppose 642*s = 637*s + z. What is the units digit of s?
8
Let v = -189 - -204. Suppose v*x + 7751 = 38*x. What is the tens digit of x?
3
Suppose 4*a + 6*m - m = 15, 2*a = m - 3. Suppose -5*v + 2*y - 461 = a, -3*v - y = -6*y + 288. What is the tens digit of -9 - v - (-12)/(-3)?
7
Let y be -8 + 4 - (5 - -3)*-1. Suppose 6*g - 552 = 5*g - 4*l, 3*g + y*l = 1656. What is the hundreds digit of g?
5
Suppose -3*m - 12284 = -4*o - 32772, 0 = -5*m + 2*o + 34156. What is the tens digit of m?
3
Let g(o) = o**3 - 20*o**2 + o - 26. Let c be g(20). Let k be 1 + 8/c + (-21120)/(-72). Let t = 441 - k. What is the tens digit of t?
4
Suppose -526*z + 523*z - 3171 = -9261. What is the hundreds digit of z?
0
Let q = 131 + -126. Suppose 5*r + 2*i - 5 = 0, -2*r + 5*i + 13 = -6*r. What is the units digit of (585/r)/q - -1?
0
Let a = 220849 - 149438. What is the ten thousands digit of a?
7
Suppose -441 = 3*n - 99. Let o be (0 - 2 - -4) + 166. Let p = o + n. What is the tens digit of p?
5
Suppose -11*b = -2*b - 45. Suppose -b*j - 585 - 344 = -3*m, -628 = -2*m - j. What is the hundreds digit of m?
3
Suppose -32 = -16*f + 8*f. Suppose -f*t = 11*t - 6435. What is the tens digit of t?
2
Suppose 18*h - 1525 + 265 = 0. Suppose -172 = -a + h. What is the tens digit of a?
4
Let a = -218 - -248. What is the units digit of (-3)/(-45)*4213 + 4/a?
1
Suppose 33*c - 170025 = 20880. What is the hundreds digit of c?
7
Suppose -6*i = 7*i + 312. Let o(u) = 37 - 4*u + 3*u + 32 - 21. What is the tens digit of o(i)?
7
Let l(c) = -290*c + 714. What is the hundreds digit of l(-28)?
8
Suppose -7*v + 70 = 42. Let x(l) = 17*l**2 + 12*l + 4. What is the tens digit of x(v)?
2
Let q(r) = r**3 + 36*r**2 + 23*r + 150. What is the thousands digit of q(-30)?
4
Let x = 216 + -59. Suppose 0 = -h - 0*h + x. What is the tens digit of h?
5
Let t(m) = 3*m**2 + 4*m - 2. Let d(c) = c**2 + 7*c - 14. Let b be d(-9). Suppose 5*h = 6 + b. What is the tens digit of t(h)?
1
Suppose 5*a + 3*s = 12, -s + 12 = -4*a + 2*s. Suppose -8*q - 3*q + 22 = a. Suppose 3*f + 230 = 3*p - f, 0 = 3*p + q*f - 254. What is the units digit of p?
2
Let q(k) = 70*k**2 + 14*k + 24. What is the ten thousands digit of q(15)?
1
Suppose 3*s - 37694 = -5*u + 116, -4*u = 4*s - 30248. What is the tens digit of u?
6
Suppose 0 = -17*k - 4*k - 2373. Let p = -73 - k. What is the tens digit of p?
4
Let p(b) = 5*b - 9. Let n be p(5). Suppose n*t = 12*t + 64. Let u = t + -3. What is the tens digit of u?
1
Suppose -24 = -0*c - 2*c + 5*l, 12 = 2*c - 2*l. Let q(d) = -5 + d**c - 4 - 7. What is the tens digit of q(7)?
3
Let u(y) = 4 + 0*y**2 - y**2 - 15 - 6 + 49*y - 41. What is the tens digit of u(35)?
3
Let l = 16 + 17. Let q(m) = 352 + m + l*m - 360. What is the tens digit of q(3)?
9
What is the hundreds digit of 6/((-595)/(-34) + -16) - 12485/(-1)?
4
Suppose 0 = -5*g + 36751 - 5921. What is the tens digit of g?
6
Suppose -5*l + 5*r = -10555, 5*l = 6*l + 3*r - 2115. What is the thousands digit of l?
2
Suppose 156228 = 2*p - 5*o, -3*p - 5*o + 167088 = -67279. What is the ten thousands digit of p?
7
Let x(v) = 101*v + 3213. What is the hundreds digit of x(0)?
2
Suppose 0 = l + 107 - 144. Let w = l + -41. What is the tens digit of 9633/26*w/(-6)?
4
Suppose 5*o = -5*i + 20, i = 4*o + 22 - 3. Let m(r) be the third derivative of r**5/60 - r**4/4 - r**3/6 + 159*r**2. What is the units digit of m(i)?
6
Suppose 0 = -13*l - 27*l + 67171 + 797949. What is the tens digit of l?
2
Suppose -1742 = -2*w + 8*w - 64676. What is the thousands digit of w?
0
Let i = -126889 - -205511. What is the ten thousands digit of i?
7
Let t(x) = -2*x**2 - 1848. Let w = 70 + -70. Let b be t(w). What is the hundreds digit of 6/(-30) + b/(-15)?
1
Let k be -2 + 1 - (-2 + -2). What is the hundreds digit of k + 1 - (-688 + 28)?
6
Suppose 12 = n - 2*b, -59 = -4*n - 4*b - 23. Let c be (1526/35)/((-2)/n). Let j = c + 427. What is the tens digit of j?
0
Let w = -19335 + 22053. What is the tens digit of w?
1
Let g be (12/(-15))/((-4)/10). Let r = -245 + 247. Suppose 0 = -5*m + g*f + 403, 2*m = -r*m + f + 320. What is the tens digit of m?
7
Let a(v) = -5*v**3 - v - 1. Let b be a(-1). Sup